+ 226*d + 356074 = -206671. Is d a composite number?
True
Let s be (-1)/(-12)*2 - 52/24. Is (s/(-9) - 1306700/(-45))/2 a prime number?
True
Let b(r) = 179935*r - 2344. Is b(1) a prime number?
False
Suppose -p - 4 - 3 = 3*h, p + 1 = -h. Suppose m + 3170 = 4*m + 5*s, p*m - 2128 = 4*s. Suppose -3*f = 5*x - 1177, 4*f - m = -4*x + 504. Is f a prime number?
True
Let m(z) = -3790*z - 4273. Is m(-71) prime?
False
Suppose -3*t + 45*b - 35*b + 115779 = 0, t = -4*b + 38549. Is t a composite number?
True
Let i = -347305 + 849698. Is i a composite number?
False
Let f(l) = l**2 - 7*l + 8. Let w be f(6). Suppose -4*g = w*v - 22240, 5*v - 5570 = -g + 2*v. Suppose -6*d = 836 - g. Is d a prime number?
True
Let i(v) = 48*v**2 + 187*v - 2243. Is i(42) a composite number?
True
Let g(q) = -q**3 + 16*q**2 + 11*q + 5. Let y be g(13). Let c = 132 + y. Is c prime?
True
Suppose -53*p + 31*p = 19*p - 13460423. Is p a prime number?
True
Let y = 18032 - 13093. Is y a prime number?
False
Suppose 3*u - 2822271 = -35*u + 2564647. Is u a prime number?
True
Let v(p) be the first derivative of -159*p**2/2 - p - 2. Suppose -8*t = 167 - 151. Is v(t) prime?
True
Let x(j) be the third derivative of 0 + 0*j**3 + 1/8*j**4 + 0*j + 34*j**2 + 901/10*j**5. Is x(-1) a prime number?
False
Is (-272)/(-1224)*(-1194066)/(-4) a composite number?
False
Let z(t) = -77*t + 11. Let q be z(12). Let d be q/(-6) - (-4 + 75/18). Let r = 47 + d. Is r prime?
True
Suppose 4*p - 2*p - 145990 = 4*j, 2*p + 4*j - 146046 = 0. Is p composite?
False
Let g = 4714 - 18103. Let u = g + 33146. Is u a composite number?
True
Suppose 0*d + 13*d + 765 = a, 0 = a - 3*d - 725. Is a a prime number?
False
Suppose 2*d - 4*l - 1740 - 178 = 0, -l + 968 = d. Let u be -2*6134/26 + (-12)/78. Let x = d + u. Is x prime?
False
Let j = -89942 - -394005. Is j composite?
False
Suppose -106*z = -114*z - 104088. Is z*(168/(-180) + 6/10) a prime number?
True
Let j(i) = i**3 - 2*i**2 - 2*i + 3. Let m be j(3). Let v(n) = 8506*n + 8499*n + 17 - 17001*n + 26*n**2. Is v(m) a prime number?
True
Let g(o) = -287*o - 19. Let u(b) = 297*b + 18. Let c(w) = 7*g(w) + 6*u(w). Let n = -17 + 7. Is c(n) composite?
True
Suppose 5*x + 32 = -h, -6*x = -5*h - 2*x - 218. Let y be -2*15/12*-18. Let q = y + h. Is q a composite number?
False
Let r(p) = -26*p**2 - 26*p - 4. Let f(z) = 27*z**2 + 25*z + 1. Let b(s) = 5*f(s) + 4*r(s). Is b(10) a prime number?
True
Suppose 6*r - 2851000 = 9104054 - 2599452. Is r composite?
False
Let o = 157678 + -102035. Is o a composite number?
True
Suppose -4*l + 10 - 34 = 0. Is l/(8 + -2)*(-3778)/2 prime?
True
Is 7/(-1) - (-13564 + -11 + 1) a composite number?
False
Suppose 116*w - 303*w + 3985157 = 0. Is w prime?
False
Let t = 88537 + 736294. Is t a composite number?
True
Let f = 30673 - 3896. Is f prime?
True
Suppose 108*q + 3*g = 105*q + 94959, 5*g = -4*q + 126616. Is q a composite number?
False
Suppose -b + 11940 = -3*q, -4*q - 6443 - 5495 = -b. Suppose -12*v + b = -6*v. Let h = v + -580. Is h a prime number?
False
Suppose 3 - 18 = -3*b. Suppose 0 = -b*f + 4542 + 1693. Is f prime?
False
Let f = 215 + -213. Suppose 9172 = -4*t - f*m + 27714, 0 = -t - 2*m + 4631. Is t a prime number?
True
Let y(m) = 12960*m + 1727. Is y(5) a prime number?
False
Let h = -344 - 130. Let f = h + 1136. Is f prime?
False
Let s = -361275 - -582544. Is s prime?
False
Let t(a) = 4*a**2 + 8*a + 7. Suppose -5*l - 2 = -4*l - 3*u, 2*l + 3*u - 14 = 0. Is t(l) composite?
False
Let c be (-2 + 3)/((15/36)/5). Suppose c*w - 9*w + 51 = 0. Let h(m) = -m**2 - 19*m. Is h(w) prime?
False
Suppose 0 = -3*d + 4*s - 31, -4*d = d - 4*s + 65. Let h = d + 20. Suppose -h*z + 654 = 3*z. Is z a prime number?
True
Let m be 1*63 + 9 + -12. Is 322/1 - m/(-15) composite?
True
Suppose 3*v - 6008 = 4*i - 1659, -5757 = -4*v - 3*i. Suppose -4*l + 293 = o, -2*l = o - 6*o + v. Is o a composite number?
True
Let y be ((-122)/(-10) - -1)*(-105)/(-42). Is (-12430)/(-4) + y/22 prime?
True
Let q = 107 + -71. Suppose 2*s = -3*v - 0*s + 23, q = 4*v + 4*s. Suppose -5*t + 273 = f, 11 + 9 = -v*t. Is f a prime number?
True
Let i(r) = 293*r**3 - 10*r**2 - 32*r + 273. Is i(8) a composite number?
False
Let a be (-2)/5 + 180/75. Suppose -4*j = -3*c - 10, 3*j - 4 = 3*c + a. Is (-2)/((-8)/1668) + c prime?
True
Let t(r) be the third derivative of -r**6/60 + 17*r**5/30 - r**4/3 + 11*r**3/6 + 48*r**2. Is t(15) composite?
True
Let k = -128 + 126. Let s be k/(-4)*18 - (0 - -2). Is -2*(53445/(-6))/s composite?
True
Suppose 43*q + 11 = 42*q. Let u(h) = -20*h**2 - 16*h - 6. Let z be u(q). Let w = -1411 - z. Is w prime?
True
Let s(y) = 968*y**2 + 64*y + 107. Is s(6) a prime number?
True
Let q = 24311 - 15238. Suppose 0 = -3*m + 8*t - 4*t + 9089, -3*m = 4*t - q. Is m a prime number?
False
Suppose z = 0, -6*a + 4*a - z + 16 = 0. Suppose a*w - 6 = 6*w. Let d(q) = 5*q**3 - 5*q + 7. Is d(w) a prime number?
True
Let t(q) be the second derivative of -4*q**3/3 + 37*q**2/2 + 2*q - 6. Is t(-6) prime?
False
Let r = 1319540 - 903679. Is r prime?
True
Let p(x) = 1294*x - 2497. Is p(35) a prime number?
True
Suppose 179*o = 69*o - 114*o + 29772064. Is o a composite number?
False
Let i be (-120)/(-55) - 3/((-33)/(-2)). Suppose -15 = 2*j + 5*k, -6*j - i*k = -4*j + 6. Suppose j = 12*x - 12266 - 28186. Is x a composite number?
False
Let c(v) = 10*v**2 - 45*v - 4. Is c(-3) prime?
False
Let d = -159 + 158. Is 1363*(d - -2) - -3 composite?
True
Suppose -59452 = -344*d + 107817 + 2323. Is d a prime number?
False
Let s be (56/35)/(2/5). Let m = -1386 + 703. Is (m/s)/((-1)/(-6))*-2 composite?
True
Suppose m - 349344 = 3*m - 868138. Is m prime?
True
Let p be (-52635)/(-25) - (-8)/(-100)*5. Suppose 5278 = 5*i - 2*y - y, -2*i = 5*y - p. Is i a composite number?
True
Let v(g) = -192*g**3 + 2*g**2 - 6*g + 2. Let q(b) = -769*b**3 + 7*b**2 - 25*b + 9. Let w(j) = 2*q(j) - 9*v(j). Let l be w(2). Let o = -863 + l. Is o prime?
False
Let h be (4 + -2)/(-5*(-5)/50). Let a(n) = -h*n + n + 14*n**2 + 9*n**2 + 2*n**2 - 3. Is a(-4) a composite number?
False
Let h(c) = 11*c**2 - 11*c + 917. Is h(31) a composite number?
True
Let o(m) = -547*m**3 - 8*m**2 + 18*m + 218. Is o(-9) composite?
False
Is (9 + 0 + -8)*(-7)/((-28)/4741068) composite?
True
Let u be ((-7)/((-56)/(-20282)))/((-2)/80). Suppose -4*r - 3*t + u = 0, -2*r - 2384 + 53096 = 5*t. Is r a prime number?
False
Suppose 0 = -231*f + 227*f + 227316. Is (-1)/((-2)/2) - f/(-57) composite?
True
Let o(c) be the third derivative of 1079*c**4/24 - 5*c**3/3 - c**2 + 13. Is o(1) a composite number?
False
Suppose -128*g + 23*g + 69670854 = 57*g. Is g a composite number?
True
Is (285/19)/1 + 169184 prime?
True
Let x = -80 - -1914. Let q = x - 633. Is q prime?
True
Let v(c) = -726*c**2 + 3*c + 10. Let f be v(-4). Let t = 20667 + f. Is t composite?
False
Let n(z) = 31*z**3 + 11*z**2 - 3*z - 6. Let w(s) = 26*s**3 + 10*s**2 - 2*s - 7. Let c(x) = -5*n(x) + 6*w(x). Is c(15) a prime number?
False
Suppose -4*z + 3*s + 4 = -19, -3*z + 11 = 4*s. Suppose -4*r - 4 = 0, z*r - 989 = -4*c + 2018. Is c a composite number?
True
Let d = -4382 - -7399. Is d composite?
True
Suppose 5*f - 6*p - 917550 - 994067 = 0, 4*f = -2*p + 1529246. Is f composite?
True
Suppose -3*t - 864 = -4*g + t, 3*t = -2*g + 432. Let a = -13 + g. Is a a composite number?
True
Let z(g) = 5*g**2 + 16*g + 18. Suppose x - 29 = -v, 2*v - 36 - 15 = 5*x. Suppose v + 16 = -4*n. Is z(n) prime?
False
Is (-12374740)/(-120) + 4/24 a prime number?
True
Let a(b) be the second derivative of 4*b**3 + 35/2*b**2 + 0 - 19*b. Is a(17) a prime number?
True
Suppose -2*h = -276 - 208. Suppose x - 29 - 35 = -3*k, -4*x + h = 5*k. Is x a prime number?
False
Suppose -31*u + 10*u + 474646 = 55927. Is u composite?
True
Suppose -5*b + 257961 = 4*i, 1176*i - 1179*i = 3*b - 193464. Is i composite?
True
Let x(o) = 6353*o**2 + 138*o - 406. Is x(3) a prime number?
False
Let a be (-2478 + 0 + 0)*147/(-98). Let g = -6 - -16. Suppose g*r - r - a = 0. Is r composite?
True
Is 10307817/36 - -5 - ((-23)/4 + 6) prime?
True
Let h(k) = 17702*k**3 + 8*k**2 - 6*k + 5. Is h(3) a composite number?
True
Let d = 2175 + 20088. Let n = d - 14000. Is n prime?
True
Let d(o) = -2*o - 21. Let v be d(-6). Is -2*(-3)/v + (-2363)/(-3) composite?
False
Let j(m) = -6 - m**3 + 10 - 3 + 3*m - m + 20*m**2 + m. Suppo